 base 8.
-135
Convert -414253 (base 6) to base 2.
-1000001001011001
Convert -3342 (base 7) to base 13.
-71a
4723 (base 9) to base 4
312300
What is -4c88 (base 16) in base 10?
-19592
What is 258 (base 15) in base 11?
445
What is -b14 (base 15) in base 14?
-ca2
What is 1010010101 (base 2) in base 4?
22111
What is a484 (base 12) in base 15?
54c1
Convert -611 (base 9) to base 12.
-354
Convert -528 (base 9) to base 13.
-272
What is -50 (base 7) in base 5?
-120
Convert 11000001 (base 2) to base 15.
cd
Convert -11201002 (base 3) to base 14.
-1371
What is -1010011100001010 (base 2) in base 5?
-2332022
-6405 (base 7) to base 3
-10002200
What is 264 (base 7) in base 9?
170
685 (base 10) to base 7
1666
What is -881 (base 15) in base 8?
-3601
225 (base 9) to base 5
1220
-be8 (base 16) to base 13
-1506
-7cc (base 15) to base 6
-12103
What is -214322 (base 5) in base 12?
-439a
164b4 (base 14) to base 16
da0e
Convert -1112 (base 14) to base 4.
-232030
-647 (base 8) to base 15
-1d3
What is 1132012 (base 4) in base 6?
43514
Convert -b76b (base 16) to base 5.
-3000310
21133 (base 4) to base 7
1525
1324013 (base 5) to base 16
6886
2031330 (base 4) to base 14
344c
2881 (base 12) to base 11
3598
What is -33434 (base 5) in base 13?
-1103
What is -3302 (base 4) in base 9?
-288
Convert -2b540 (base 12) to base 6.
-1151320
-200211101 (base 3) to base 15
-4101
Convert -bdd (base 15) to base 7.
-10552
Convert -1660 (base 7) to base 2.
-1010100111
-110 (base 7) to base 11
-51
What is -b15 (base 12) in base 4?
-121001
-825 (base 13) to base 5
-21013
What is 2121202 (base 3) in base 9?
2552
Convert 3552 (base 8) to base 16.
76a
-8a44 (base 11) to base 6
-131042
311335 (base 7) to base 11
3708a
Convert -602 (base 7) to base 5.
-2141
Convert 67a9 (base 14) to base 11.
12570
Convert -500 (base 15) to base 9.
-1480
What is 61 (base 10) in base 2?
111101
What is 113133 (base 4) in base 10?
1503
-33111201 (base 4) to base 15
-1392c
-13570 (base 9) to base 13
-426c
Convert abb (base 13) to base 12.
1098
What is -4522 (base 6) in base 8?
-2042
Convert 104a3 (base 11) to base 6.
154314
8684 (base 10) to base 7
34214
61c0 (base 13) to base 7
54244
What is -9859 (base 11) in base 2?
-11001011010011
Convert 16452 (base 7) to base 15.
15cc
Convert 2133 (base 4) to base 9.
186
Convert -32081 (base 10) to base 3.
-1122000012
Convert 102423 (base 7) to base 5.
1031311
879 (base 10) to base 4
31233
What is -344134 (base 6) in base 10?
-29434
21223110 (base 4) to base 15
bb26
Convert 2c3 (base 13) to base 16.
1f1
Convert -13122 (base 4) to base 8.
-732
-10201012212 (base 3) to base 16
-11d62
257 (base 15) to base 13
31c
What is 16146 (base 8) in base 3?
100222021
Convert -1831 (base 10) to base 16.
-727
Convert 100100110 (base 2) to base 12.
206
What is 46336 (base 7) in base 4?
2320330
Convert -541 (base 11) to base 10.
-650
-c47 (base 14) to base 10
-2415
Convert -6e2 (base 15) to base 13.
-932
Convert -65013 (base 8) to base 12.
-13863
-22566 (base 9) to base 15
-46d0
Convert 258 (base 10) to base 9.
316
4043 (base 5) to base 4
20023
Convert 213144 (base 5) to base 8.
16203
552040 (base 6) to base 10
45816
What is -10003 (base 4) in base 8?
-403
Convert -1249 (base 13) to base 5.
-40341
-2146 (base 8) to base 6
-5114
What is 10110110 (base 2) in base 6?
502
What is -77602 (base 9) in base 16?
-c93e
What is -1144341 (base 5) in base 16?
-5556
-12969 (base 10) to base 6
-140013
-1631 (base 9) to base 14
-64b
What is 31 (base 6) in base 12?
17
Convert 111211 (base 3) to base 4.
11311
What is -61503 (base 7) in base 13?
-6a98
Convert -30576 (base 8) to base 3.
-122101021
13b5 (base 14) to base 15
107b
Convert -549 (base 11) to base 7.
-1630
What is 11232222 (base 4) in base 3?
1012012010
2211 (base 11) to base 15
ce6
What is 213303 (base 5) in base 13?
3449
Convert -1000000111 (base 2) to base 11.
-432
-3634 (base 14) to base 8
-22356
-12213131 (base 4) to base 6
-325245
-112030 (base 4) to base 6
-10324
1a4 (base 16) to base 8
644
-1101011101111001 (base 2) to base 16
-d779
What is 1332 (base 4) in base 13?
99
-8985 (base 15) to base 12
-14a52
Convert -1110012201 (base 3) to base 5.
-1403320
Convert 7467 (base 10) to base 3.
101020120
Convert 3646 (base 10) to base 14.
1486
-365 (base 14) to base 2
-1010100101
What is 2450 (base 11) in base 16?
c81
Convert -12111120 (base 3) to base 11.
-3017
Convert 1080 (base 16) to base 10.
4224
5973 (base 11) to base 14
2bcc
-146 (base 10) to base 5
-1041
25a (base 14) to base 7
1243
What is -367 (base 13) in base 14?
-304
Convert -12317 (base 8) to base 7.
-21350
What is -b6e (base 16) in base 6?
-21314
What is 2005 (base 8) in base 4?
100011
What is 1004 (base 10) in base 11?
833
-2428 (base 9) to base 3
-2110222
Convert -724 (base 12) to base 16.
-40c
What is 233 (base 8) in base 7?
311
Convert -88787 (base 9) to base 12.
-2a15a
What is 3121 (base 9) in base 3?
10010201
-3402 (base 8) to base 14
-922
What is -110101111011 (base 2) in base 5?
-102301
-145a (base 11) to base 16
-758
Convert 21 (base 3) to base 5.
12
-13203 (base 4) to base 3
-122220
Convert 567 (base 8) to base 5.
3000
Convert 2571 (base 8) to base 4.
111321
What is -55435 (base 6) in base 14?
-2b5d
-313053 (base 6) to base 8
-61331
Convert 8ac (base 14) to base 13.
a24
Convert -10111110100 (base 2) to base 10.
-1524
Convert 1000000 (base 3) to base 9.
1000
What is -2251 (base 7) in base 16?
-334
What is -3d8b (base 14) in base 12?
-6387
233 (base 7) to base 2
1111010
What is -39651 (base 12) in base 3?
-10222221021
Convert 1202 (base 3) to base 4.
233
-413 (base 10) to base 8
-635
What is 130513 (base 8) in base 4?
23011023
Convert 1000011010001 (base 2) to base 12.
25a9
What is 382b (base 13) in base 12?
4750
Convert 3087 (base 9) to base 13.
1054
25a (base 14) to base 10
472
122001 (base 3) to base 7
1225
What is 1200121201 (base 3) in base 13?
121a2
What is 4272 (base 9) in base 6?
22315
What is 31741 (base 9) in base 3?
1001211101
Convert 4340 (base 11) to base 15.
1a71
Convert c7 (base 13) to base 3.
20001
What is 192 (base 14) in base 6?
1300
What is 2144 (base 8) in base 6?
5112
10216 (base 11) to base 4
3220310
Convert 566 (base 15) to base 7.
3363
What is 100011101010010 (base 2) in base 11?
12799
-23a (base 16) to base 14
-2ca
33d (base 15) to base 16
2dd
What is -1055 (base 6) in base 4?
-3323
Convert -a322 (base 12) to base 6.
-214042
Convert 12814 (base 9) to base 2.
10000111101000
What is -11541 (base 6) in base 16?
-6b5
-8459 (base 12) to base 15
-4449
Convert 1110100010 (base 2) to base 9.
1243
Convert 1001011001 (base 2) to base 4.
21121
ba1 (base 12) to base 5
23310
2650 (base 9) to base 12
1199
862 (base 9) to base 7
2024
What is 121120 (base 4) in base 14?
840
What is -15545 (base 8) in base 4?
-1231211
What is 816 (base 10) in base 13?
4aa
Convert 1a31 (base 12) to base 16.
c85
Convert -559 (base 13) to base 3.
-1021001
What is -2113101 (base 4) in base 11?
-7301
12421 (base 5) to base 6
4322
7b4 (base 13) to base 4
110302
Convert 457 (base 14) to base 4.
31131
-5525 (base 6) to base 10
-1277
What is 31a (base 15) in base 10?
700
What is 236 (base 7) in base 16?
7d
4483 (base 9) to base 3
11112210
Convert -19c3 (base 14) to base 5.
-122204
5cd (base 16) to base 9
2030
Convert 156 (base 15) to base 16.
132
Convert -216 (base 15) to base 16.
-1d7
Convert -203525 (base 7) to base 15.
-a522
What is 328 (base 15) in base 8?
1311
-272 (base 13) to base 16
-1af
What is -9158 (base 12) in base 3?
-210121212
-71a (base 13) to base 9
-1580
Convert -28019 (base 11) to base 15.
-bc85
Convert 77a (base 12) to base 11.
912
What is -6d (base 15) in base 7?
-205
Convert -1c41 (base 15) to base 10.
-6136
7699 (base 11) to base 6
114555
Convert -2122200 (base 3) to base 2.
-11110001111
-14625 (base 7) to base 16
-ff6
What is -2123202 (base 4) in base 14?
-38b0
What is 45063 (base 7) in base 11?
85a1
-112012 (base 3) to base 9
-465
Convert -50da (base 14) to base 12.
-8074
Convert 52cb (base 14) to base 11.
a812
1554 (base 7) to base 11
520
20574 (base 9) to base 11
a239
-15408 (base 10) to base 4
-3300300
What is -26323 (base 8) in base 4?
-2303103
What is -b341 (base 12) in base 2?
-100110000100001
-2552 (base 9) to base 10
-1910
1010424 (base 5) to base 11
11327
Convert 1004